{"id":504,"date":"2020-08-25T14:30:16","date_gmt":"2020-08-25T14:30:16","guid":{"rendered":"https:\/\/kmr-info.leoserver.de\/?page_id=504"},"modified":"2024-09-04T09:02:40","modified_gmt":"2024-09-04T09:02:40","slug":"impressum","status":"publish","type":"page","link":"https:\/\/kmr-info.de\/index.php\/impressum\/","title":{"rendered":"Impressum"},"content":{"rendered":"<p>[et_pb_section fb_built=&#8220;1&#8243; _builder_version=&#8220;4.16&#8243; _module_preset=&#8220;default&#8220; global_colors_info=&#8220;{}&#8220;][et_pb_row _builder_version=&#8220;4.16&#8243; _module_preset=&#8220;default&#8220; global_colors_info=&#8220;{}&#8220;][et_pb_column type=&#8220;4_4&#8243; _builder_version=&#8220;4.16&#8243; _module_preset=&#8220;default&#8220; global_colors_info=&#8220;{}&#8220;][et_pb_text _builder_version=&#8220;4.27.0&#8243; _module_preset=&#8220;default&#8220; hover_enabled=&#8220;0&#8243; global_colors_info=&#8220;{}&#8220; sticky_enabled=&#8220;0&#8243;]<\/p>\n<h2 class=\"page_title_head\"><strong>IMPRESSUM<\/strong><\/h2>\n<div id=\"c6488\" class=\"csc-default\">\n<div class=\"csc-textpic-text\">\n<p><strong>Angaben im Sinne des \u00a75 des Digitale-Dienste-Gesetzes (DDG)<\/strong><\/p>\n<p>Bochum-Gelsenkirchener Stra\u00dfenbahnen Aktiengesellschaft<br \/>Universit\u00e4tsstra\u00dfe 58<br \/>44789 Bochum<\/p>\n<p>Tel. 0234 303 0<br \/>Fax 0234 303\u00a023 00<br \/><a href=\"mailto:info@bogestra.de\" class=\"mail\">info@bogestra.de<\/a><\/p>\n<p>HR B 1 Amtsgericht Bochum<br \/>USt-IdNr. DE 124 090 638<\/p>\n<p><b>Vorstand<\/b><br \/><span>Dipl.-Ing. J\u00f6rg Filter<\/span><br \/><span>Dr. Thomas Schaffer<\/span><\/p>\n<p><b>V.i.S.d.P<\/b>.<br \/><a href=\"mailto:Sandra.Bruns@bogestra.de\" class=\"mail\">Sandra Bruns-G\u00e4b<\/a><br \/>Pressesprecherin BOGESTRA \/ VER \u2013 Stabsstelle Public Relations<\/p>\n<p><b>Anbieter<\/b><span>\u00a0<\/span><br \/>Anbieter dieser Internetseiten ist die Bochum-Gelsenkirchener Stra\u00dfenbahnen Aktiengesellschaft (BOGESTRA AG) vertreten durch den Vorstand Dipl.-Ing. J\u00f6rg Filter.<\/p>\n<p><b>Online-Streitbeilegung<\/b><br \/>Entsprechend der gesetzlichen Vorgabe haben Sie \u00fcber den nachfolgenden Link die M\u00f6glichkeit, auf das Portal<span>\u00a0<\/span><a href=\"https:\/\/ec.europa.eu\/consumers\/odr\/main\/index.cfm?event=main.home2.show&amp;lng=DE\" target=\"_blank\" class=\"external-link-new-window\" rel=\"noopener noreferrer\">zur Online-Streitbeilegung der europ\u00e4ischen Union zu wechseln<\/a>.<span>\u00a0<\/span><\/p>\n<p><b>Schlichtungsstelle<\/b><br \/>\u201eWenn Sie mit unserer Reaktion auf ihre Beschwerde nicht einverstanden sind, wenden Sie sich bitte an die<\/p>\n<p>Schlichtungsstelle Nahverkehr<br \/>Mintropstra\u00dfe 27<br \/>40215 D\u00fcsseldorf<br \/>Tel: 0211 3809-380<br \/>Fax: 0211 3809- 678<br \/><a href=\"mailto:info@schlichtungsstelle-nahverkehr.de\" class=\"mail\">info@schlichtungsstelle-nahverkehr.de<\/a><\/p>\n<p>per Post oder via Internet unter<span>\u00a0<\/span><a href=\"http:\/\/www.schlichtungsstelle-nahverkehr.de\/\" target=\"_blank\" class=\"external-link-new-window\" rel=\"noopener noreferrer\">www.schlichtungsstelle-nahverkehr.de<\/a>.<\/p>\n<p>Wir erkl\u00e4ren uns bereit, an Schlichtungsverfahren vor der Schlichtungsstelle Nahverkehr teilzunehmen. Die Anrufung der Schlichtungsstelle ist f\u00fcr Sie kostenlos und unverbindlich.\u201c<\/p>\n<p><b>Haftungsauschluss (&#8222;disclaimer&#8220;)<\/b><\/p>\n<p><b>1. Inhalt der Internetpr\u00e4senz \/Onlineangebots<\/b><br \/>Die BOGESTRA AG ist um Richtigkeit und Aktualit\u00e4t der auf dieser Internetpr\u00e4senz bereitgestellten Informationen bem\u00fcht. Trotzdem k\u00f6nnen Fehler und Unklarheiten nicht vollst\u00e4ndig ausgeschlossen werden. Die BOGESTRA AG \u00fcbernimmt deshalb keine Gew\u00e4hr f\u00fcr die Aktualit\u00e4t, Richtigkeit, Vollst\u00e4ndigkeit oder Qualit\u00e4t der bereitgestellten Informationen.<span>\u00a0<\/span><br \/>F\u00fcr Sch\u00e4den materieller oder immaterieller Art, die durch die Nutzung oder Nichtnutzung der dargebotenen Informationen bzw. durch die Nutzung fehlerhafter und unvollst\u00e4ndiger Informationen unmittelbar oder mittelbar verursacht werden, haftet die BOGESTRA AG nicht, sofern ihr nicht nachweislich vors\u00e4tzliches oder grob fahrl\u00e4ssiges Verschulden zur Last f\u00e4llt. Gleiches gilt f\u00fcr kostenlos zum Download bereitgehaltene Software.<span>\u00a0<\/span><br \/>Die BOGESTRA AG\u00a0kann ohne vorherige Ank\u00fcndigung Teile des Internetangebots oder das gesamte Angebot ver\u00e4ndern, erg\u00e4nzen, l\u00f6schen oder die Ver\u00f6ffentlichung zeitweise oder endg\u00fcltig einstellen.<span>\u00a0<\/span><\/p>\n<p><b>2. Verweise und Links<\/b><span>\u00a0<\/span><br \/>Die Verantwortlichkeit f\u00fcr &#8222;fremde Inhalte&#8220;, die beispielsweise durch direkte oder indirekte Verkn\u00fcpfungen (z.B. sogenannte &#8222;Links&#8220;) zu anderen Anbietern bereitgehalten werden, setzt unter anderem positive und aktuelle Kenntnis des Inhaltes voraus. Die BOGESTRA AG hat keinerlei Einfluss auf die aktuelle und zuk\u00fcnftige Gestaltung und auf die Inhalte der gelinkten\/verkn\u00fcpften Seiten und macht sich diese Inhalte auch nicht zu Eigen. Deshalb distanziert sie sich hiermit ausdr\u00fccklich von allen Inhalten aller gelinkten\/verkn\u00fcpften Seiten, die nach der Linksetzung ver\u00e4ndert wurden. Diese Feststellung gilt f\u00fcr alle innerhalb des eigenen Internetangebotes gesetzten Links und Verweise sowie f\u00fcr Fremdeintr\u00e4ge in von der BOGESTRA AG ggf. eingerichteten G\u00e4steb\u00fcchern, Diskussionsforen und Mailinglisten.<span>\u00a0<\/span><\/p>\n<p>F\u00fcr illegale, fehlerhafte oder unvollst\u00e4ndige Inhalte und insbesondere f\u00fcr Sch\u00e4den, die aus der Nutzung oder Nichtnutzung solcherart dargebotener Informationen entstehen, haftet allein der Anbieter der Seite, auf welche verwiesen wurde, nicht derjenige, der \u00fcber Links auf die jeweilige Ver\u00f6ffentlichung lediglich verweist. Die BOGESTRA AG hat keine positive Kenntnis \u00fcber rechtswidrige oder anst\u00f6\u00dfige Inhalte auf den verkn\u00fcpften Seiten fremder Anbieter. Sollten auf den verkn\u00fcpften Seiten fremder Anbieter dennoch rechtswidrige oder anst\u00f6\u00dfige Inhalte enthalten sein, so distanziert sich die BOGESTRA AG von diesen Inhalten ausdr\u00fccklich.<span>\u00a0<\/span><br \/>Bei direkten oder indirekten Verweisen auf fremde Internetseiten (&#8222;Links&#8220;), die au\u00dferhalb des Verantwortungsbereiches der BOGESTRA AG liegen, w\u00fcrde eine Haftungsverpflichtung ausschlie\u00dflich in dem Fall in Kraft treten, in dem die BOGESTRA AG\u00a0von den Inhalten Kenntnis hat und es ihr technisch m\u00f6glich und zumutbar w\u00e4re, die Nutzung im Falle rechtswidriger Inhalte zu verhindern.<span>\u00a0<\/span><\/p>\n<p><b>3. Urheber- und Kennzeichenrecht<\/b><span>\u00a0<\/span><br \/>Das Copyright f\u00fcr ver\u00f6ffentlichte, von der BOGESTRA AG selbst erstellte Objekte bleibt allein bei der BOGESTRA AG. Eine Vervielf\u00e4ltigung oder Verwendung solcher Grafiken, Tondokumente, Videosequenzen und Texte in anderen elektronischen oder gedruckten Publikationen ist ohne ausdr\u00fcckliche Zustimmung der BOGESTRA AG nicht gestattet. Das Layout der Homepage, die verwendeten Grafiken sowie die sonstigen Inhalte sind urheberrechtlich gesch\u00fctzt.<span>\u00a0<\/span><\/p>\n<p>Die BOGESTRA AG\u00a0ist bestrebt, in allen Publikationen die Urheberrechte der verwendeten Grafiken, Tondokumente, Videosequenzen und Texte zu beachten, von ihr selbst erstellte Grafiken, Tondokumente, Videosequenzen und Texte zu nutzen oder auf lizenzfreie Grafiken, Tondokumente, Videosequenzen und Texte zur\u00fcckzugreifen. Alle innerhalb des Internetangebotes genannten und ggf. durch Dritte gesch\u00fctzten Marken- und Warenzeichen unterliegen uneingeschr\u00e4nkt den Bestimmungen des jeweils g\u00fcltigen Kennzeichenrechts und den Besitzrechten der jeweiligen eingetragenen Eigent\u00fcmer. Allein aufgrund der blo\u00dfen Nennung ist nicht der Schluss zu ziehen, dass Markenzeichen nicht durch Rechte Dritter gesch\u00fctzt sind!<span>\u00a0<\/span><\/p>\n<p><b>4. Datenschutz<span>\u00a0<\/span><br \/><\/b>Die Nutzung der BOGESTRA-Webseiten ist ohne Angabe personenbezogener Daten m\u00f6glich. Soweit in unserem Webangebot personenbezogene Daten (beispielsweise Name, Anschrift oder E-Mail-Adressen) erhoben werden (z.B. bei Gewinnspielen), erfolgt dies auf freiwilliger Basis. Diese Daten werden ohne ausdr\u00fcckliche Zustimmung nicht an Dritte weitergegeben.<\/p>\n<p>Die BOGESTRA AG weist darauf hin, dass die Daten\u00fcbertragung im Internet (z.B. E-Mail) Sicherheitsrisiken aufweisen kann. Ein l\u00fcckenloser Schutz der Daten vor dem Zugriff durch Dritte ist nicht m\u00f6glich.<\/p>\n<p>Die BOGESTRA AG widerspricht hiermit ausdr\u00fccklich der Nutzung von im Rahmen der Impressumspflicht ver\u00f6ffentlichten Kontaktdaten durch Dritte zur \u00dcbersendung von nicht ausdr\u00fccklich angeforderter Werbung und Informationsmaterialien. Wir behalten uns vor,\u00a0 rechtliche Schritte im Falle der unverlangten Zusendung von Werbeinformationen, z.B. Spam-Mails, einzuleiten.<\/p>\n<p><b>5. Rechtswirksamkeit dieses Haftungsausschlusses<\/b><span>\u00a0<\/span><br \/>Dieser Haftungsausschluss ist als Teil des Internetangebotes zu betrachten, von dem aus auf diese Seite verwiesen wurde. Sofern Teile oder einzelne Formulierungen dieses Textes der geltenden Rechtslage nicht, nicht mehr oder nicht vollst\u00e4ndig entsprechen sollten, bleiben die \u00fcbrigen Teile des Dokumentes in ihrem Inhalt und ihrer G\u00fcltigkeit davon unber\u00fchrt.<span>\u00a0<\/span><\/p>\n<p><b>Hinweis<\/b><br \/>Auf Grund der besseren Lesbarkeit der Texte verwendet die Redaktion der Einfachheit halber nur die m\u00e4nnliche Form. Die weibliche Form ist selbstverst\u00e4ndlich immer mit eingeschlossen.<\/p>\n<\/div>\n<\/div>\n<p>[\/et_pb_text][\/et_pb_column][\/et_pb_row][\/et_pb_section]<\/p>\n","protected":false},"excerpt":{"rendered":"<p>IMPRESSUM Angaben im Sinne des \u00a75 des Digitale-Dienste-Gesetzes (DDG) Bochum-Gelsenkirchener Stra\u00dfenbahnen AktiengesellschaftUniversit\u00e4tsstra\u00dfe 5844789 Bochum Tel. 0234 303 0Fax 0234 303\u00a023 00info@bogestra.de HR B 1 Amtsgericht BochumUSt-IdNr. DE 124 090 638 VorstandDipl.-Ing. J\u00f6rg FilterDr. Thomas Schaffer V.i.S.d.P.Sandra Bruns-G\u00e4bPressesprecherin BOGESTRA \/ VER \u2013 Stabsstelle Public Relations Anbieter\u00a0Anbieter dieser Internetseiten ist die Bochum-Gelsenkirchener Stra\u00dfenbahnen Aktiengesellschaft (BOGESTRA AG) vertreten [&hellip;]<\/p>\n","protected":false},"author":1,"featured_media":0,"parent":0,"menu_order":0,"comment_status":"closed","ping_status":"closed","template":"","meta":{"_et_pb_use_builder":"on","_et_pb_old_content":"","_et_gb_content_width":"","footnotes":""},"class_list":["post-504","page","type-page","status-publish","hentry"],"_links":{"self":[{"href":"https:\/\/kmr-info.de\/index.php\/wp-json\/wp\/v2\/pages\/504","targetHints":{"allow":["GET"]}}],"collection":[{"href":"https:\/\/kmr-info.de\/index.php\/wp-json\/wp\/v2\/pages"}],"about":[{"href":"https:\/\/kmr-info.de\/index.php\/wp-json\/wp\/v2\/types\/page"}],"author":[{"embeddable":true,"href":"https:\/\/kmr-info.de\/index.php\/wp-json\/wp\/v2\/users\/1"}],"replies":[{"embeddable":true,"href":"https:\/\/kmr-info.de\/index.php\/wp-json\/wp\/v2\/comments?post=504"}],"version-history":[{"count":10,"href":"https:\/\/kmr-info.de\/index.php\/wp-json\/wp\/v2\/pages\/504\/revisions"}],"predecessor-version":[{"id":1063,"href":"https:\/\/kmr-info.de\/index.php\/wp-json\/wp\/v2\/pages\/504\/revisions\/1063"}],"wp:attachment":[{"href":"https:\/\/kmr-info.de\/index.php\/wp-json\/wp\/v2\/media?parent=504"}],"curies":[{"name":"wp","href":"https:\/\/api.w.org\/{rel}","templated":true}]}}